 divide 261383983?
True
Does 2 divide 14734?
True
Is 4091 a factor of 302214443?
True
Is 299231012 a multiple of 46?
True
Is 11 a factor of 3329279?
False
Is 1795 a factor of 279239175?
True
Is 6381951 a multiple of 1332?
False
Is 16873830 a multiple of 63?
False
Does 2 divide 8439677?
False
Is 1156 a factor of 15138976?
True
Is 654 a factor of 16632528?
True
Does 1652 divide 119191800?
True
Is 190325772 a multiple of 164?
True
Is 80946476 a multiple of 23?
True
Is 77354711 a multiple of 2377?
True
Is 16 a factor of 23281504?
True
Does 633 divide 442859475?
False
Is 134 a factor of 26961068?
True
Does 35 divide 998517999?
False
Is 62654002 a multiple of 146?
True
Is 166 a factor of 162018656?
True
Does 2414 divide 140313750?
True
Is 502056448 a multiple of 53?
False
Is 169498412 a multiple of 32?
False
Is 26573635 a multiple of 60?
False
Is 524 a factor of 748056275?
False
Is 6491898 a multiple of 11?
False
Is 83840237 a multiple of 2604?
False
Is 1012 a factor of 288330944?
True
Is 531647480 a multiple of 44?
False
Does 5706 divide 1495593954?
True
Is 54408930 a multiple of 870?
True
Is 12327282 a multiple of 48?
False
Does 1155 divide 490537917?
False
Does 3194 divide 563114976?
True
Does 6 divide 104207940?
True
Is 38 a factor of 51161339?
False
Is 38 a factor of 1143247617?
False
Does 121 divide 19069954?
False
Is 1037632731 a multiple of 1186?
False
Does 300 divide 140413500?
True
Is 7 a factor of 59696735?
True
Does 1446 divide 16465172?
False
Does 100 divide 7113100?
True
Does 7 divide 149070561?
False
Does 527 divide 975789199?
False
Is 24 a factor of 2450259392?
False
Does 1840 divide 39786430?
False
Does 20 divide 1389630918?
False
Is 776593846 a multiple of 4802?
True
Does 17 divide 24294326?
True
Does 8 divide 50133984?
True
Does 104 divide 21882640?
True
Is 108 a factor of 189828485?
False
Is 237997698 a multiple of 37?
False
Is 145542411 a multiple of 79?
True
Is 27 a factor of 6953013?
True
Is 3122 a factor of 570467450?
True
Is 9 a factor of 6635605?
False
Does 106 divide 357875343?
False
Is 72 a factor of 71554680?
True
Does 27 divide 781844211?
True
Is 142064370 a multiple of 42?
True
Does 11 divide 562511092?
True
Does 1001 divide 2811046238?
True
Is 751793770 a multiple of 2782?
True
Is 512539346 a multiple of 22?
True
Is 52853364 a multiple of 774?
True
Is 485861526 a multiple of 151?
True
Is 13 a factor of 732283162?
True
Is 5760 a factor of 445508350?
False
Is 818610282 a multiple of 170?
False
Is 1123 a factor of 1394815412?
True
Does 6 divide 35172230?
False
Is 118 a factor of 1805166?
False
Is 8 a factor of 229832123?
False
Is 28 a factor of 685031760?
True
Is 10 a factor of 2407240?
True
Is 13 a factor of 4350243?
False
Does 8 divide 437267037?
False
Does 463 divide 120294859?
False
Does 55 divide 1215720275?
True
Does 7 divide 6588356?
False
Does 29 divide 304482832?
True
Is 29209680 a multiple of 27?
True
Does 5 divide 500537075?
True
Is 13 a factor of 550249947?
True
Does 8 divide 26883659?
False
Is 153761508 a multiple of 4?
True
Is 371 a factor of 3593669456?
False
Does 178 divide 6339345001?
False
Is 170 a factor of 2167777009?
False
Is 67 a factor of 123610377?
True
Does 6902 divide 2186746856?
True
Does 889 divide 416732085?
True
Is 813 a factor of 14285223?
True
Is 3094 a factor of 199770466?
False
Is 94 a factor of 8824814?
True
Does 2 divide 1724901?
False
Is 4357 a factor of 219244240?
True
Is 4 a factor of 175946983?
False
Is 43244100 a multiple of 363?
False
Does 1449 divide 3755376?
False
Does 15 divide 19725535?
False
Does 23 divide 248109096?
True
Is 17953950 a multiple of 70?
True
Is 119 a factor of 4179215?
False
Is 639960988 a multiple of 17?
True
Does 1028 divide 70206358?
False
Is 185635773 a multiple of 1143?
True
Is 19060162 a multiple of 1394?
True
Is 327300750 a multiple of 567?
True
Is 190258628 a multiple of 476?
True
Does 1871 divide 1203342?
False
Is 587 a factor of 68646128?
True
Does 4 divide 166251427?
False
Is 509515923 a multiple of 132?
False
Does 83 divide 334947081?
True
Is 8661341 a multiple of 85?
False
Is 14 a factor of 6725812828?
True
Does 482 divide 6327810?
False
Is 41989446 a multiple of 846?
False
Is 42 a factor of 6677809?
False
Is 22 a factor of 15082364?
True
Is 677509794 a multiple of 39?
True
Is 13 a factor of 79965041?
True
Does 392 divide 1308229491?
False
Is 168580440 a multiple of 168?
True
Is 6946557480 a multiple of 13?
False
Is 101 a factor of 203300472?
False
Does 1002 divide 320275884?
False
Does 888 divide 12312171?
False
Is 191873486 a multiple of 11?
False
Is 49 a factor of 103781804?
True
Is 123833721 a multiple of 33?
True
Does 16 divide 223889200?
True
Is 1718 a factor of 1106575826?
True
Is 809392784 a multiple of 8?
True
Is 17 a factor of 32462639?
True
Is 1235522196 a multiple of 36?
True
Is 277080478 a multiple of 983?
False
Is 156042990 a multiple of 45?
True
Is 3736432518 a multiple of 13?
True
Does 6 divide 261326223?
False
Is 22 a factor of 1262724518?
True
Does 43 divide 198223249?
True
Does 1169 divide 163488895?
False
Is 13 a factor of 46879013?
False
Does 2014 divide 268474256?
True
Is 248 a factor of 217257295?
False
Is 5234171 a multiple of 33?
False
Does 75 divide 574176300?
True
Does 7 divide 812925973?
False
Does 35 divide 13386835?
True
Is 573619171 a multiple of 977?
True
Does 15 divide 98235810?
True
Is 27 a factor of 366606000?
True
Does 305 divide 224985218?
False
Is 50 a factor of 54252300?
True
Is 46980454 a multiple of 37?
True
Does 366 divide 211434091?
False
Is 676 a factor of 25411516?
True
Is 58791360 a multiple of 240?
True
Is 49 a factor of 1934814?
True
Does 321 divide 15662412?
False
Is 16 a factor of 176753152?
True
Is 2820729000 a multiple of 3642?
True
Does 484 divide 181718117?
False
Does 1958 divide 431623571?
False
Is 230439312 a multiple of 18?
True
Is 15 a factor of 23941125?
True
Does 17 divide 35125275?
False
Is 135 a factor of 276658990?
False
Is 13834 a factor of 2097649420?
True
Does 470 divide 31132604?
False
Is 450650960 a multiple of 17?
True
Is 63170000 a multiple of 500?
True
Does 91 divide 194374207?
False
Does 5678 divide 1134376365?
False
Is 89518220 a multiple of 781?
True
Is 55 a factor of 257876618?
False
Is 44910045 a multiple of 18?
False
Is 25471758 a multiple of 234?
False
Does 199 divide 54445021?
False
Is 137671791 a multiple of 25?
False
Is 922 a factor of 256363022?
True
Is 92 a factor of 246788068?
True
Is 56334874 a multiple of 219?
False
Is 12 a factor of 352012320?
True
Is 643 a factor of 12114167?
False
Does 28 divide 17843302?
False
Is 32 a factor of 3952986589?
False
Does 3283 divide 1457727509?
True
Does 84 divide 7856029?
False
Does 17 divide 425202776?
True
Is 48 a factor of 524217359?
False
Does 161 divide 30174072?
False
Is 30965092 a multiple of 659?
True
Is 136 a factor of 116521128?
True
Is 10359 a factor of 3185912725?
False
Is 79 a factor of 9575037?
True
Does 68 divide 25661063?
False
Is 77986125 a multiple of 225?
True
Is 428161708 a multiple of 151?
True
Is 2721353 a multiple of 68?
False
Is 159017936 a multiple of 2156?
True
Does 15 divide 13733982?
False
Is 3547894 a multiple of 98?
True
Is 2559023 a multiple of 31?
False
Is 1336 a factor of 67951135?
False
Does 22 divide 361323732?
True
Does 43 divide 401772779?
True
Does 48 divide 5282301562?
False
Is 4420464 a multiple of 152?
True
Is 16184356 a multiple of 28?
False
Is 42246428 a multiple of 98?
True
Does 15 divide 54661680?
True
Is 293441244 a multiple of 1041?
True
Is 737501446 a multiple of 72?
False
Is 277732758 a multiple of 8?
False
Is 42146423 a multiple of 12?
False
Does 76 divide 1758870713?
False
Is 18 a factor of 1129086684?
True
Is 43190078 a multiple of 19?
True
Is 1030053504 a multiple of 12?
True
Is 100 a factor of 8645741?
False
Is 12752763 a multiple of 127?
False
Does 70 divide 3620972?
False
Does 66 divide 6357186?
True
Is 2067 a factor of 118846265?
False
Is 16 a factor of 107016313?
False
Does 20 divide 27093500?
True
Is 259 a factor of 34858033?
True
Is 166458236 a multiple of 3209?
False
Does 20 divide 2331151496?
False
Does 50 divide 77880261?
False
Is 914280080 a multiple of 628?
True
Does 35 divide 142085?
False
Is 8 a factor of 234683908?
False
Is 2174635471 a multiple of 73?
True